{"version":"1.0","provider_name":"V\u00e9ny n\u00e9lk\u00fcl","provider_url":"https:\/\/drszoszi.cafeblog.hu","author_name":"DRsz","author_url":"https:\/\/drszoszi.cafeblog.hu\/author\/DRsz\/","title":"Ter\u00e1pi\u00e1k","html":"<P>&nbsp;<\/P>\r\n<P align=justify>Depresszi\u00f3 gyan\u00faja eset\u00e9n pszichi\u00e1triai szakvizsg\u00e1lat sz\u00fcks\u00e9ges, mert a t\u00fcnetek sokf\u00e9les\u00e9ge \u00e9s az \u00e9letkori saj\u00e1toss\u00e1gok miatt m\u00e1s kezelend\u0151 k\u00f3rform\u00e1kt\u00f3l is el kell k\u00fcl\u00f6n\u00edteni a depresszi\u00f3t. A depresszi\u00f3 gy\u00f3gy\u00edthat\u00f3 betegs\u00e9g. Kezel\u00e9s\u00e9ben k\u00fcl\u00f6nf\u00e9le egy\u00e9ni \u00e9s csoportos pszichoter\u00e1pi\u00e1s kezel\u00e9sek sora, valamint korszer\u0171 hangulatjav\u00edt\u00f3 gy\u00f3gyszerek, un. antidepressz\u00e1nsok \u00e1llnak rendelkez\u00e9sre. A depresszi\u00f3s gyermeknek \/ fiatalkor\u00fanak nagy sz\u00fcks\u00e9ge van a csal\u00e1d \u00e9s a k\u00f6rnyezet t\u00e1mogat\u00f3 meg\u00e9rt\u00e9s\u00e9re.<\/P>\r\n<H2 align=center>Milyen ter\u00e1pi\u00e1s lehet\u0151s\u00e9gek l\u00e9teznek?<\/H2>\r\n<DIV align=center><IMG height=484 alt=\"\" src=\"http:\/\/www.depressziostop.hu\/gyermek_terapiak.gif\" width=604 border=0><\/DIV>\r\n<P><STRONG><U>Mi t\u00f6rt\u00e9nik a \"besz\u00e9lget\u0151s\" ter\u00e1pia keretein bel\u00fcl?<\/U><\/STRONG><\/P>\r\n<P align=justify>A kliens \u00e9s a terapeuta k\u00f6z\u00f6s megegyez\u00e9s alapj\u00e1n hat\u00e1rozza meg, mir\u0151l lesz sz\u00f3. A ter\u00e1pia c\u00e9lja az, hogy a kliens \u00f6n\u00e1ll\u00f3an meg tudjon birk\u00f3zni saj\u00e1t depresszi\u00f3s gondolataival, erre tanul m\u00f3dszereket a ter\u00e1pi\u00e1s besz\u00e9lget\u00e9sben. Nem kell olyan dolgokr\u00f3l besz\u00e9lnie, amir\u0151l nem akar, \u00e9s \"nem v\u00e1jk\u00e1lnak a lelk\u00e9ben\" sem.<\/P>\r\n<P align=justify><U><STRONG>Egyed\u00fcl leszek-e a ter\u00e1pi\u00e1n?<\/STRONG><\/U><\/P>\r\n<P>A depresszi\u00f3 kezel\u00e9se legt\u00f6bb esetben egy\u00e9ni ter\u00e1pia, vagyis csak ketten vannak jelen, a kliens \u00e9s a terapeuta. Egyes esetekben csoportter\u00e1pia is lehets\u00e9ges, de csak a kliens kifejezett k\u00e9r\u00e9se alapj\u00e1n. Ilyenkor hasonl\u00f3 probl\u00e9m\u00e1j\u00fa emberek (6-15 f\u0151ig) vesznek r\u00e9szt a csoportban, egy terapeuta vezet\u00e9s\u00e9vel. Ennek a m\u00f3dszernek egyik el\u0151nye az, hogy a ter\u00e1pi\u00e1n t\u00fal a hasonl\u00f3 probl\u00e9m\u00e1val k\u00fczd\u0151 emberek egym\u00e1st is t\u00e1mogathatj\u00e1k probl\u00e9m\u00e1juk lek\u00fczd\u00e9s\u00e9ben.Az egy\u00e9ni ter\u00e1pia id\u0151tartama 30 perc \u00e9s egy \u00f3ra k\u00f6z\u00f6tt mozog. A csoportter\u00e1pia id\u0151tartama egy \u00f3r\u00e1t\u00f3l 2 \u00f3r\u00e1ig terjedhet.<\/P>\r\n<P><U><STRONG>Ha m\u00e1r meggy\u00f3gyultam visszat\u00e9rhet-e a depresszi\u00f3?<\/STRONG><\/U><\/P>\r\n<P align=justify>A depresszi\u00f3 az esetek egy r\u00e9sz\u00e9ben visszat\u00e9rhet, de ez egy\u00e1ltal\u00e1n nem t\u00f6rv\u00e9nyszer\u0171! Att\u00f3l is f\u00fcgg sok esetben, mi t\u00f6rt\u00e9nik velem a j\u00f6v\u0151ben, hiszen a negat\u00edv \u00e9letesem\u00e9nyek depresszi\u00f3t okozhatnak, att\u00f3l f\u00fcggetlen\u00fcl is, voltam-e m\u00e1r depresszi\u00f3s vagy sem. <\/P>\r\n<P align=justify><IMG src=\"http:\/\/www.depressziostop.hu\/em_card_hu.jpg\"><\/P>\r\n<P align=justify>&nbsp;<\/P>\r\n<P>&nbsp;<\/P>\r\n<P>&nbsp;<\/P>","type":"rich"}

Vény nélkül

Terápiák

<P>&nbsp;</P>
<P align=justify>Depresszió gyanúja esetén pszichiátriai szakvizsgálat szükséges, mert a tünetek sokfélesége és az életkori sajátosságok miatt más kezelendő kórformáktól is el kell különíteni a depressziót. A depresszió gyógyítható betegség. Kezelésében különféle egyéni és csoportos pszichoterápiás kezelések sora, valamint korszerű hangulatjavító gyógyszerek, un. antidepresszánsok állnak rendelkezésre. A depressziós gyermeknek / fiatalkorúnak nagy szüksége van a család és a környezet támogató megértésére.</P>
<H2 align=center>Milyen terápiás lehetőségek léteznek?</H2>
<DIV align=center><IMG height=484 alt="" src="http://www.depressziostop.hu/gyermek_terapiak.gif" width=604 border=0></DIV>
<P><STRONG><U>Mi történik a "beszélgetős" terápia keretein belül?</U></STRONG></P>
<P align=justify>A kliens és a terapeuta közös megegyezés alapján határozza meg, miről lesz szó. A terápia célja az, hogy a kliens önállóan meg tudjon birkózni saját depressziós gondolataival, erre tanul módszereket a terápiás beszélgetésben. Nem kell olyan dolgokról beszélnie, amiről nem akar, és "nem vájkálnak a lelkében" sem.</P>
<P align=justify><U><STRONG>Egyedül leszek-e a terápián?</STRONG></U></P>
<P>A depresszió kezelése legtöbb esetben egyéni terápia, vagyis csak ketten vannak jelen, a kliens és a terapeuta. Egyes esetekben csoportterápia is lehetséges, de csak a kliens kifejezett kérése alapján. Ilyenkor hasonló problémájú emberek (6-15 főig) vesznek részt a csoportban, egy terapeuta vezetésével. Ennek a módszernek egyik előnye az, hogy a terápián túl a hasonló problémával küzdő emberek egymást is támogathatják problémájuk leküzdésében.Az egyéni terápia időtartama 30 perc és egy óra között mozog. A csoportterápia időtartama egy órától 2 óráig terjedhet.</P>
<P><U><STRONG>Ha már meggyógyultam visszatérhet-e a depresszió?</STRONG></U></P>
<P align=justify>A depresszió az esetek egy részében visszatérhet, de ez egyáltalán nem törvényszerű! Attól is függ sok esetben, mi történik velem a jövőben, hiszen a negatív életesemények depressziót okozhatnak, attól függetlenül is, voltam-e már depressziós vagy sem. </P>
<P align=justify><IMG src="http://www.depressziostop.hu/em_card_hu.jpg"></P>
<P align=justify>&nbsp;</P>
<P>&nbsp;</P>
<P>&nbsp;</P>
